git of 4018106434?
0
What is the tens digit of 63634985?
8
What is the hundreds digit of 4638071306?
3
What is the millions digit of 3262609384?
2
What is the hundred thousands digit of 20396894?
3
What is the hundred thousands digit of 261904354?
9
What is the tens digit of 782187075?
7
What is the units digit of 1178656272?
2
What is the ten thousands digit of 7593288662?
8
What is the hundreds digit of 530915407?
4
What is the ten thousands digit of 18791842?
9
What is the hundred thousands digit of 195134313?
1
What is the hundred millions digit of 297916249?
2
What is the tens digit of 2894239214?
1
What is the ten thousands digit of 37612799?
1
What is the hundred millions digit of 2588946439?
5
What is the thousands digit of 99333500?
3
What is the ten millions digit of 28363360?
2
What is the millions digit of 85794248?
5
What is the ten thousands digit of 15439930?
3
What is the ten thousands digit of 80863385?
6
What is the millions digit of 71912184?
1
What is the hundreds digit of 4958783808?
8
What is the thousands digit of 110182962?
2
What is the thousands digit of 866223959?
3
What is the hundred millions digit of 1867768027?
8
What is the units digit of 5846731?
1
What is the units digit of 1412168693?
3
What is the ten millions digit of 409950960?
0
What is the ten thousands digit of 2621528?
2
What is the hundred thousands digit of 43460597?
4
What is the billions digit of 1428413262?
1
What is the units digit of 209010345?
5
What is the hundred millions digit of 492005836?
4
What is the millions digit of 23450377?
3
What is the millions digit of 324910435?
4
What is the hundred thousands digit of 642682041?
6
What is the units digit of 3285025448?
8
What is the ten thousands digit of 1706874332?
7
What is the ten thousands digit of 364865603?
6
What is the hundred millions digit of 145937543?
1
What is the hundreds digit of 7953722345?
3
What is the hundreds digit of 458016970?
9
What is the tens digit of 2252827191?
9
What is the units digit of 511898671?
1
What is the units digit of 233910656?
6
What is the tens digit of 900935017?
1
What is the tens digit of 2420507079?
7
What is the thousands digit of 1022483040?
3
What is the millions digit of 902764565?
2
What is the ten thousands digit of 10945739?
4
What is the tens digit of 1694474659?
5
What is the millions digit of 65243886?
5
What is the ten millions digit of 415680838?
1
What is the tens digit of 72262461?
6
What is the ten millions digit of 43770353?
4
What is the hundred thousands digit of 45002076?
0
What is the millions digit of 1455365472?
5
What is the millions digit of 96503968?
6
What is the ten thousands digit of 462160306?
6
What is the ten millions digit of 1435883202?
3
What is the units digit of 39616476?
6
What is the ten thousands digit of 538372802?
7
What is the hundred thousands digit of 581744623?
7
What is the hundreds digit of 337844219?
2
What is the ten thousands digit of 579133110?
3
What is the ten millions digit of 353935217?
5
What is the hundreds digit of 1048183051?
0
What is the hundred thousands digit of 2615395881?
3
What is the tens digit of 57942380?
8
What is the hundred millions digit of 179689253?
1
What is the units digit of 400547644?
4
What is the ten millions digit of 1153363060?
5
What is the units digit of 1013397217?
7
What is the ten thousands digit of 101284284?
8
What is the thousands digit of 103258257?
8
What is the thousands digit of 584577219?
7
What is the tens digit of 9543101?
0
What is the hundreds digit of 250405205?
2
What is the ten millions digit of 37286247?
3
What is the ten thousands digit of 39895994?
9
What is the hundred thousands digit of 13330029?
3
What is the tens digit of 257007154?
5
What is the ten thousands digit of 166029866?
2
What is the millions digit of 466203354?
6
What is the hundred thousands digit of 13007742?
0
What is the hundred thousands digit of 842079170?
0
What is the tens digit of 3663376540?
4
What is the billions digit of 1357503328?
1
What is the tens digit of 315970718?
1
What is the hundred thousands digit of 3574615986?
6
What is the tens digit of 985481187?
8
What is the millions digit of 1670873440?
0
What is the thousands digit of 4772626419?
6
What is the tens digit of 9139317?
1
What is the thousands digit of 135681702?
1
What is the units digit of 160645035?
5
What is the units digit of 759937795?
5
What is the hundreds digit of 6462108?
1
What is the hundred thousands digit of 136957571?
9
What is the hundreds digit of 1971301781?
7
What is the millions digit of 23931003?
3
What is the thousands digit of 1278974714?
4
What is the tens digit of 51568666?
6
What is the millions digit of 5473822573?
3
What is the hundred thousands digit of 1355222396?
2
What is the hundred thousands digit of 129380266?
3
What is the hundreds digit of 90236072?
0
What is the ten millions digit of 214880628?
1
What is the ten millions digit of 84253877?
8
What is the millions digit of 173919253?
3
What is the hundreds digit of 9397997?
9
What is the ten thousands digit of 32600526?
0
What is the tens digit of 86654735?
3
What is the hundreds digit of 35784827?
8
What is the ten millions digit of 105986272?
0
What is the hundreds digit of 5402280132?
1
What is the hundreds digit of 775910588?
5
What is the hundreds digit of 820764222?
2
What is the hundred thousands digit of 608328949?
3
What is the hundred thousands digit of 59376927?
3
What is the hundreds digit of 15130614?
6
What is the hundreds digit of 262002703?
7
What is the units digit of 1166201652?
2
What is the ten millions digit of 141339690?
4
What is the hundred millions digit of 188040560?
1
What is the hundred thousands digit of 3039306183?
3
What is the hundred millions digit of 610631597?
6
What is the hundreds digit of 120231777?
7
What is the millions digit of 928743384?
8
What is the ten millions digit of 5285252918?
8
What is the hundreds digit of 185084938?
9
What is the hundreds digit of 6907263537?
5
What is the hundred thousands digit of 67094116?
0
What is the billions digit of 2337932266?
2
What is the thousands digit of 4040170818?
0
What is the units digit of 663882681?
1
What is the thousands digit of 3223590599?
0
What is the hundred millions digit of 100467292?
1
What is the units digit of 90952891?
1
What is the millions digit of 206116026?
6
What is the tens digit of 1031164374?
7
What is the units digit of 2659389261?
1
What is the hundred millions digit of 308725858?
3
What is the units digit of 323676001?
1
What is the ten thousands digit of 287218069?
1
What is the thousands digit of 7871416465?
6
What is the hundreds digit of 5106475?
4
What is the ten millions digit of 1763055441?
6
What is the tens digit of 38260041?
4
What is the hundred millions digit of 3519117189?
5
What is the thousands digit of 141267462?
7
What is the hundred thousands digit of 61122302?
1
What is the millions digit of 815396424?
5
What is the units digit of 2791137940?
0
What is the hundred thousands digit of 171405977?
4
What is the ten thousands digit of 120898061?
9
What is the hundred thousands digit of 307184041?
1
What is the units digit of 211362320?
0
What is the hundred millions digit of 101113912?
1
What is the ten millions digit of 1617256954?
1
What is the thousands digit of 25823601?
3
What is the ten thousands digit of 1257480009?
8
What is the millions digit of 6649926068?
9
What is the millions digit of 1405774952?
5
What is the thousands digit of 7707794902?
4
What is the thousands digit of 1184813?
4
What is the ten thousands digit of 1304763883?
6
What is the thousands digit of 2854554704?
4
What is the tens digit of 4420512?
1
What is the millions digit of 3070204756?
0
What is the ten thousands digit of 2555907?
5
What is the thousands digit of 28840186?
0
What is the units digit of 1035700849?
9
What is the hundreds digit of 20301663?
6
What is the tens digit of 34168826?
2
What is the hundred thousands digit of 521485310?
4
What is the hundred thousands digit of 773140881?
1
What is the units digit of 219362403?
3
What is the ten thousands digit of 271736251?
3
What is the units digit of 28966161?
1
What is the thousands digit of 40775787?
5
What is the thousands digit of 243056067?
6
Wha